
4
Let g(r) = -100*r - 382. Let b be g(-4). What is the highest common factor of 1206 and b?
18
Let u(k) = -k**3 + 10*k**2 - 4*k. Let v be u(6). Let t(g) = 2*g**2 + 9*g + 10. Let d be t(-5). What is the highest common factor of d and v?
15
Suppose 9*i + 20 = 4*i, -3*x = i - 119. Calculate the highest common divisor of 41 and x.
41
Let a(g) = g**2 + 0*g**2 + 4*g - 33 + 0*g**2 + 17. Let b be a(12). What is the highest common divisor of 16 and b?
16
Suppose 76*d = 69*d + 1092. What is the greatest common factor of d and 26?
26
Let o = 111 + -71. Suppose 15*h + o = 20*h. Calculate the greatest common divisor of h and 20.
4
Let q be (-7 - -11) + -3*13. Let r = 42 + q. Calculate the highest common divisor of 77 and r.
7
Let t be (-249)/(-2) - 3/(-6). What is the highest common divisor of t and 10?
5
Suppose 4*h - 11 = -5*r, 8 = h + r + 4. Let q = 40 + -28. Suppose -3*m - 60 = -3*i + q, -i - 2*m = -33. Calculate the highest common divisor of i and h.
9
Suppose -2*g - 5*v + 600 = g, -5*v - 375 = -2*g. Suppose -780 = -116*u + 106*u. Calculate the highest common divisor of u and g.
39
Let f(o) = 2*o**2 - 4*o. Let z be f(-4). Suppose -16*d - 33 + 417 = 0. Calculate the greatest common factor of d and z.
24
Let o = -293 - -410. What is the greatest common divisor of o and 26?
13
Let j(v) = 2*v + 2. Let z be j(6). Let h(c) = -c**2 + 17*c - 12. Let r be h(8). Let q be ((-320)/r)/(2/(-42)). What is the highest common factor of z and q?
14
Let u(f) be the third derivative of f**6/120 - 7*f**5/60 - f**4/8 - 4*f**3/3 - 4*f**2. Let o be u(8). What is the greatest common divisor of o and 4?
4
Suppose -2*i - 5 = -19. Let g be (51/(-3))/((-2)/10). Let q = g + -57. Calculate the greatest common factor of q and i.
7
Let m = 141 + -285. Let g be -24*(156/m + (-2)/(-6)). What is the highest common divisor of 9 and g?
9
Suppose 4*f - 3*f = 2*m + 5, 0 = 2*f + 5*m - 1. Suppose -2*o = f*d + 5, -2*o + 6 = -d - 9. Calculate the greatest common factor of 25 and o.
5
Let p(z) = -24*z + 3. Let u be p(-3). Let d = 5 + -1. Suppose -d*i + 42 = -18. Calculate the greatest common factor of i and u.
15
Let t be 2/4*2/1. Suppose -36 = 3*g + 30. Let a be (-4)/(-2)*g/(-4). What is the highest common factor of t and a?
1
Let i(m) = -m**3 - 4*m**2 + 5*m + 2. Let f be i(-5). Suppose 0 = -f*r - 3 + 355. Let k be 22 - (90/15 + 0). Calculate the highest common factor of k and r.
16
Let x = 746 - 671. Calculate the greatest common divisor of x and 2700.
75
Let t = -381 - -399. Calculate the highest common divisor of 90 and t.
18
Let y(j) = -2*j**3 - 5*j**2 - 3*j - 2. Let x be y(-3). Let h = x - 9. Let b = 9 + 68. Calculate the highest common factor of b and h.
7
Let z(x) = -x**2 + 12*x - 19. Let c be (-3)/9*-25*(-42)/(-35). Let n be z(c). Calculate the greatest common divisor of n and 19.
1
Let r(a) = 22*a - 68. Let i be r(5). Calculate the highest common divisor of i and 42.
42
Let a(k) = 3*k**3 - 3*k**2 - 3*k + 3. Let h(p) = p**2 - 13*p + 4. Let n be h(13). Let z be a(n). Calculate the highest common divisor of 15 and z.
15
Let m(t) = -t**3 - 4*t**2 + 5. Let x be m(-4). Suppose 5*a = -x*i + 160, -2*i + 2*a + 60 = -16. What is the greatest common divisor of 7 and i?
7
Let z be (-1)/7 - 29/(-7). Let g be (6 - z) + (2 - 1). Suppose -5*q + 47 = 4*w - 255, -5*w + g*q + 396 = 0. What is the highest common factor of w and 26?
26
Suppose -3*j = -j - 8. Suppose 5*p - 15 = -0*p + j*s, -2*p + 4*s + 6 = 0. Let f be (-6)/p*1 + 15. Calculate the highest common factor of 26 and f.
13
Let u(r) = r**2 + 6*r - 7. Let h be u(-8). Let n be 12/(-10)*(-60)/h. Calculate the greatest common divisor of 88 and n.
8
Let z(y) = y - 1. Let n be z(1). Let l = -283 - -279. Let o = n - l. What is the greatest common divisor of o and 4?
4
Let m(l) = 84*l**2 - 4*l + 9. Let r be m(6). What is the greatest common factor of 51 and r?
51
Let d be 1*(-26 - (1 - 3)). Let r(v) = v**3 + 16*v**2 + 28*v + 38. Let x be r(-14). Let p = x + d. Calculate the greatest common divisor of 126 and p.
14
Let p(k) = -558*k**3 - k**2 - 6*k - 4. Let h be p(-1). What is the greatest common divisor of 129 and h?
43
Suppose -7*k + 3672 = k. What is the greatest common factor of k and 34?
17
Let o = 240 + -224. What is the greatest common factor of 784 and o?
16
Let r = -58 + 528. What is the highest common factor of r and 10?
10
Let f be 7/((-42)/(-180)) - 5. Calculate the greatest common divisor of 425 and f.
25
Suppose p + 4*v + 54 - 426 = 0, 3*v = -4*p + 1449. Calculate the highest common factor of 990 and p.
90
Let s = 200 + -56. What is the greatest common factor of s and 16?
16
Suppose 3*c + 5*n - 10 = 37, 0 = -4*c + n + 55. Let b be (14*-1)/((-1)/11). Calculate the highest common factor of b and c.
14
Let c be (-4)/(-3)*(-15)/(-10). Let r be 61 + (1 - (c + 1)). Suppose 0 = -3*d + 12, 4*d + r = -4*k + 5*k. Calculate the greatest common factor of k and 25.
25
Suppose 4*n = -42 - 58. Let r = 40 + n. Calculate the greatest common factor of 15 and r.
15
Suppose 12*a + 180 = 17*a. Let p(t) = -t - 1. Let s be p(-8). Suppose -12*h + s*h + 45 = 0. Calculate the highest common divisor of a and h.
9
Let r be 0/2*(5/2 - 3). Suppose r = 6*z - 143 - 49. Calculate the highest common divisor of z and 8.
8
Suppose 18*v + 423 = 12105. Calculate the greatest common divisor of v and 59.
59
Let z(x) = 12*x**3 - 19*x**2 + 19*x - 42. Let p be z(8). What is the highest common factor of 11 and p?
11
Let x = 1129 - 172. What is the greatest common divisor of 33 and x?
33
Let o = 11 - 2. Let q be 2*o/(-24)*-4. What is the highest common divisor of 15 and q?
3
Suppose -24*q + 240 = -18*q. Let d be 42*4*(-4)/8. Let l be (8/(-6))/(7/d). What is the highest common divisor of q and l?
8
Suppose 52 = 4*p + c, -39 = -p - 2*p - 5*c. Let a be 6/(-39) + 1575/p. Let o(v) = v**2 - v - 1. Let g be o(4). What is the greatest common divisor of g and a?
11
Suppose -152*o + 219*o - 16951 = 0. Suppose v + 4 = -0. Let g be 2/v*-46*1. Calculate the greatest common factor of o and g.
23
Suppose 0 = 3*m - 2*m - 2*h - 66, 319 = 4*m + 3*h. Let b = m - 32. Let w be 0 - 1 - (-12 + 0). Calculate the greatest common divisor of w and b.
11
Let a be ((-2580)/25)/((-2)/10). Calculate the greatest common divisor of 108 and a.
12
Let v(h) = h**3 + 7*h**2 + 10*h + 105. Let i be v(-7). Calculate the highest common divisor of i and 15.
5
Suppose -3*j + 0*p + 19 = -5*p, -5*p - 7 = j. Suppose 0 = j*h - 5*o + 19, -5*h + 21 = 2*o + 1. Calculate the greatest common divisor of 46 and h.
2
Let f(l) = l**3 + 35*l**2 - 56*l - 53. Let b be f(-36). Calculate the greatest common divisor of b and 29.
29
Let l(i) = i + 8. Let u be l(7). Let t = 3 + 8. Let n = t + -1. Calculate the greatest common factor of u and n.
5
Let v be (-6894)/(-45) + 0 + 8/10. Let p(n) = 2*n**2 + 7*n - 1. Let g be p(-5). Calculate the greatest common factor of v and g.
14
Let q = -27 + 24. Let f be -1*2*(-2)/(-4). Let n be 2 + q + f + 5. What is the greatest common factor of n and 1?
1
Let a(j) = j**3 + 6*j**2 + 3*j. Let h be a(-2). Suppose 55*u + 8074 = 345*u - 3526. Calculate the greatest common factor of u and h.
10
Let v = -31 - -37. Suppose -b = 1 - v. What is the highest common divisor of b and 85?
5
Suppose -d = 5*b + 2*d - 320, 0 = -5*d. Calculate the highest common factor of 256 and b.
64
Suppose 6 = 5*b - 19. Suppose -4*t + 3*m + 0*m = -18, -b*t + 22 = -4*m. Calculate the highest common divisor of 66 and t.
6
Let x = -1 - -4. Let o(b) = 7*b**2 + b - 1. Let t be o(1). Suppose 4*r + x*c - 96 = 0, 2*c - t*c = 0. Calculate the highest common divisor of r and 192.
24
Let b be 1/(-5) - 126/(-30). Suppose -5*s + 1545 = b*x - 2249, 0 = -3*x - 2*s + 2842. Suppose 5*o - x = -211. What is the highest common divisor of o and 21?
21
Let o(p) = p**2 - p. Let l be o(6). Let y(z) = 15*z - 5. Let g be y(1). What is the greatest common divisor of g and l?
10
Suppose -w - 4 = -2*p - 22, 2*p - 46 = -3*w. Calculate the greatest common divisor of 384 and w.
16
Let a = 411 - 261. Calculate the highest common factor of a and 45.
15
Suppose 0 = -41*f + 18194 + 7923. What is the greatest common divisor of 182 and f?
91
Suppose -352 = -4*q + 4*m, -m - 48 - 128 = -2*q. What is the highest common factor of 154 and q?
22
Let o = 2 + -5. Let q be 1 - ((o - 13)